 - (6 + -1)).
3
Calculate 0 + -5 + (1 - -8).
4
What is the value of -7 + 6 + -6 + 4?
-3
Calculate (-5 - -2 - -1) + 4.
2
Calculate -2 - (-5 + 9 + 1 - 3).
-4
Evaluate -7 - (3 - 7) - (1 - 4).
0
What is the value of -1 + -3 + (1 - 0)?
-3
What is the value of 2 - (-3 + 6 + -7)?
6
Evaluate 9 + -3 + (-14 - -10).
2
What is (9 - 5) + -3 - 4?
-3
Calculate (-1 - -4 - 1 - 3) + 1.
0
Evaluate 7 - 1 - 3 - 3.
0
Evaluate -2 + 2 + 7 - 8.
-1
Calculate (13 - 3) + (38 - 38).
10
Calculate (-6 - (-12 - -9)) + 3.
0
Evaluate 0 + -6 + (10 - 5).
-1
What is the value of -10 - (-1 + 4 + -2 + -5)?
-6
What is the value of (9 - 8) + (5 - 1) + -2?
3
What is (0 - (1 + -4)) + -3?
0
What is the value of -12 - (-3 + 9 - (15 - 5))?
-8
What is the value of -7 + (2 + -1 - -2)?
-4
Calculate (-22 - (-7 + 1)) + 10.
-6
What is the value of -3 - (-6 + (3 - -1))?
-1
What is the value of 4 - ((0 - -3) + (0 - -4))?
-3
Calculate 12 + -1 + 5 - (-18 - -25).
9
What is -14 + -1 + (-8 - -12) + 2?
-9
-5 - -4 - (4 + -6)
1
0 + (-9 + (-5 - -10) - 1)
-5
Calculate 3 + 1 + 9 + -7.
6
-3 - ((1 - 5) + 0)
1
What is 13 + -6 + 0 + -11?
-4
Calculate 3 - (-2 + 5) - -3.
3
What is the value of -4 + -1 + -26 + 32 + -6?
-5
Evaluate 1 - 5 - (0 - -1).
-5
Evaluate -14 + 18 + 3 + (1 - 3).
5
Calculate (5 - 4) + -6 - -4.
-1
Evaluate (5 - 7) + (3 - -1).
2
-8 + (-3 - 0 - -7) + 4
0
Evaluate -12 - (-16 - -5) - -6.
5
-1 + 10 - (15 + -3)
-3
What is (-7 - -5) + -6 - (-1 - 2)?
-5
Evaluate 3 + -4 - (0 - 3).
2
Calculate 0 + (-4 - 5) + 3 + 1.
-5
Evaluate -1 - 6 - -2 - (-8 - 7).
10
3 - (1 + -5) - (14 - 13)
6
What is the value of (6 - 1) + (-171 - -173)?
7
Calculate -1 - (5 - 8) - -3.
5
(7 - 7) + (-2 - -2) + -2
-2
Evaluate 77 + -77 + -3 + (0 - 0).
-3
Calculate -4 + 11 + -3 - -3 - 4.
3
Calculate -1 + (0 - 0) + -4.
-5
What is 3 + -4 + 3 + -8 + 1?
-5
What is -19 + 3 - -8 - -13 - 7?
-2
What is the value of 38 - 38 - (-3 - 1)?
4
(-5 - 3) + 4 + 5
1
Calculate 1 + 4 + -4 + -2 + 6.
5
Evaluate 23 - (24 + (-19 - -8)).
10
7 - (3 - 0 - (3 - 4))
3
Calculate -15 + 17 - (2 - (-1 - 4)).
-5
-7 - (-4 - (1 - -3))
1
What is 1 + 2 + -3 - 0 - 5?
-5
Evaluate 7 - (0 + (9 - 8)).
6
Calculate (5 - (0 - (3 + -4))) + 1.
5
What is the value of (-2 - (6 + -13 + 2)) + 1?
4
What is the value of (4 - 2) + (-3 - 2) + 0?
-3
What is -1 - (5 + -11 + 2)?
3
Calculate 5 + -11 + 7 + -1 + 6.
6
What is -1 - (-1 - (-2 + -2))?
-4
What is the value of (14 - 4) + -1 - 3?
6
What is the value of -1 + (1 - 2) + 2 - 2?
-2
What is (0 - -2) + -5 + 1 + 8?
6
Calculate (0 - 4) + 2 + (4 - 1).
1
Calculate -4 + 3 + 9 + -1.
7
What is (0 - -3) + (-15 + 9 - -7)?
4
3 + (-7 - (-6 - -5)) - 1
-4
What is 4 - (4 + -5 + 1)?
4
What is 1 + 6 + (-5 - 0) + 7?
9
What is -1 - ((-3 - -5) + 2 + -4)?
-1
What is -9 + (0 - -6) - 0?
-3
1 - -9 - 2 - (8 - 1)
1
What is -18 + 4 + (7 - 2) + 3?
-6
What is -4 - -9 - (3 + -2)?
4
What is the value of 2 - (2 + -2 + -4 + 4)?
2
What is 0 - -5 - (-21 + 17) - 0?
9
Calculate (13 - (-1 + 5)) + (8 - 13).
4
Evaluate -10 - (-11 + 20 - 20).
1
What is the value of 4 - (6 + 4 + 3 - 4)?
-5
What is (0 - 5) + (2 - 0)?
-3
Evaluate 2 + (7 - -8 - 10).
7
Evaluate (10 + -5 - 13) + 16 + -9.
-1
What is the value of 10 - (0 - -5) - 5?
0
What is (1 - 5 - 2) + 14?
8
What is (10 - 19) + 3 + -1?
-7
Calculate (5 - (5 + -2) - 1) + 2.
3
(-5 - -3) + 3 + -4
-3
Calculate (-5 - -11) + (-2 - 11).
-7
Evaluate 2 + (-1 - (0 - (5 - 2))).
4
What is -5 - (-3 + -5 - (6 + -16))?
-7
0 + -5 - (-6 - 6 - -6)
1
Evaluate -5 - -1 - -3 - (7 - 3).
-5
Evaluate (4 - 4 - -1 - 2) + 5.
4
Calculate 7 + -1 + -1 + 3.
8
What is -2 + 6 - (15 - 11)?
0
-5 - ((-11 + 1 - -5) + 5)
-5
Calculate -3 + 4 - (3 + -1 + -1).
0
Evaluate 12 + -17 + (2 - (1 - -2)).
-6
What is 6 + -8 + -5 + 11?
4
Evaluate 3 + -7 + -1 + 3.
-2
2 + -7 + 9 + -4
0
Calculate (13 - 12) + (2 - -3).
6
What is the value of -8 + 1 + -3 + 12?
2
What is the value of -19 + -4 + 18 + 15?
10
What is the value of 3 + -3 + (1 - 3) + 6?
4
Calculate 1 + 1 + -10 + 4.
-4
What is the value of 4 + -7 + 2 + 2 - 0?
1
What is the value of -9 + -5 - (-21 + 14)?
-7
What is -2 + (0 + -1 - (3 + -8))?
2
What is the value of -8 + (6 - 0) + 5?
3
Evaluate 1 + 4 + -2 - 1.
2
Evaluate -1 + -1 + 11 + -4.
5
Calculate -3 - (-8 - -4 - -4) - 1.
-4
Calculate (-4 - (6 - 11) - 5) + 3.
-1
What is 9 + (-6 - (-9 - -6))?
6
What is the value of -5 - -9 - (5 + (4 - 3))?
-2
-2 + -5 + (7 - 5) + 7
2
Evaluate (35 - 40) + 1 + -5.
-9
2 - (-2 - 2 - -4)
2
What is the value of 0 - 7 - (-13 - -9)?
-3
13 + 10 + -47 - -13
-11
Calculate (-3 - 2 - -2) + 1 - 3.
-5
Evaluate 0 + (0 + 5 - 10).
-5
0 - -9 - (7 + (-9 - -6))
5
What is (-2 - -1) + (1 - -1)?
1
What is the value of 0 + (2 - 1) + -1?
0
What is the value of 3 + -1 - (-1 + 0 + -2)?
5
Evaluate 6 - (-2 + 3 + 4 + 3).
-2
Evaluate 3 - 0 - 9 - (-2 + -1).
-3
(12 + 1 - 2) + -3
8
What is (7 - 5) + (1 - 2)?
1
Evaluate 7 + -6 + 2 + (15 - 13).
5
What is 14 + -15 - (-2 + 2)?
-1
What is the value of 116 + -129 + (9 - 0)?
-4
Evaluate -3 - (4 + -6 + 1).
-2
Calculate 4 + (-3 - -5) - 3.
3
What is the value of (0 + 0 - (0 - 1)) + 3?
4
Calculate 1 - (1 - (6 - 5) - 5).
6
What is (31 - 25) + -3 + -5?
-2
What is the value of -8 + (13 - 8) + 10?
7
Calculate 2 + 0 + 1 + (5 - 7).
1
What is the value of (-2 - -4) + -10 - -2?
-6
1 - -2 - (-14 + 12)
5
What is 3 - 3 - (-1 - 2)?
3
What is the value of 0 - 0 - (69 - 64)?
-5
What is the value of 3 - ((-4 - -1) + (-2 - -4))?
4
-6 - (5 + -4 - -5 - 9)
-3
Calculate -1 + -3 + -1 - -1.
-4
What is (47 - 41) + (0 - (0 + 1))?
5
What is -1 - 1 - (-3 - -18 - 18)?
1
What is the value of 2 - (6 + -5 + 5)?
-4
What is -6 - -9 - 4 - 0?
-1
What is 0 - -6 - (16 + -8)?
-2
0 + -10 + (-275 - -285)
0
Evaluate -9 + (6 + -8 - (-10 - -7)).
-8
What is the value of (0 - -3) + (2 - 2) + -2?
1
Evaluate (5 - 5) + 12 - 4.
8
What is the value of -5 - -10 - (8 + -3 + 1)?
-1
What is 2 + -1 - (1 - (4 + -5))?
-1
What is the value of 7 + (5 - 13) + 1?
0
-1 + 6 - (3 + -1 + 0)
3
-4 + 7 - (10 + -7)
0
Evaluate (10 - 11) + 13 - 3.
9
Evaluate -6 + (-4 + 18 - 7 - 6).
-5
Calculate (-2 + -1 - 7) + 5.
-5
Evaluate -6 + 3 + -4 + 3.
-4
Calculate 5 + -10 + 6 - (8 + -6).
-1
What is -3 + -3 + 6 - 2?
-2
Calculate 0 + 1 + -6 + 10.
5
-1 + -9 + -5 + 19
4
What is 5 + -3 + 3 - -3 - 4?
4
Calculate 1 + -3 + -3 + 38 + -38.
-5
What is -1 + 10 + 0 - (5 + -4)?
8
Calculate (1 - (-3 + 6)) + (-6 - -5).
-3
What is the value of 13 - (0 + 5) - 0?
8
What is the value of 2 - (2 + -2 + 4)?
-2
Evaluate 2 - (-3 - 1 - -8).
-2
What is the value of 3 - (0 + 7) - 1?
-5
What is (-17 + 7 - -14) + 4?
8
Evaluate 10 + (-3 + -5 + 2 - 0).
4
What is the value of -1 + 1 - (-7 + 3 - -1)?
3
Evaluate -4 - (5 + (-6 - 1)).
-2
What is the value of -4 + (3 + 0 - 1)?
-2
What is 12 + 6 + (6 - 18)?
6
1 + (-9 - (-4 - -5))
-9
(1 - 7) + 13 + -1
6
Evaluate -3 + (-3 - (-22 + 8)) - 2.
6
What is -11 + 7 + 9 - (1 + 1)?
3
What is 13 - (10 - (11 + -7))?
7
What is the value of (0 - (-2 - -4)) + -2?
-4
-12 - (7 + -6) - -10
-3
-3 - (-9 + 12 - 8)
2
-18 - -11 - (4 + -12)
1
Calculate (-113 - -114) + (0 - 1).
0
Calculate 0 - -3 - 5 - -3 - 2.
-1
Calculate 2 - -3 - 6 - 4.
-5
1 - (11 + -10 - (-1 - -2))
1
Evaluate -3 - -6 - (-8 + 14 - 10).
7
What is the value of 1 - (-5 - -4 - 1)?
3
What is the value of 10 + -13 - (-8 + 1)?
4
Calculate -1 - (-1 + 4 - 7).
3
Calculate 10 + -2 + 3 + (1 - 3).
9
Evaluate 0 - 0 - 8 - -6.
-2
6 + -1 + 0 + -2
3
What is 27 - (-14 + 34) - (0 - -9)?
-2
Calculate 11 + -6 + (0 - 0).
5
Calculate (-2 - 3) + -6 + (-2 - -10).
-3
What is the value of 10 + (4 - 7) + -10?
-3
Evaluate (3 + -1 - (11 - 6)) + 2.
-1
What is (2 - 2) + -11 + 7?
-4
What is the value of -19 - -20 - (-5 + 1)?
5
(-1 + -1 - (-3 + 1)) + -5
-5
Evaluate (1 - 3) + -1 + 8 + -1.
4
Calculate (-4 + 10 - 5) + 4 + -11.
-6
Calculate 3 + (1 + 1 - 1).
4
What is -5 - (2 + -3 + -5 + 4)?
-3
What is the value of 7 + -7 + 1 - (1 + 1)?
-1
Evaluate -22 - -21 - (2 + -3).
0
Calculate 2 + 1 + (11 + -5 - 2).
7
-3 - (-11 - (0 + -6))
2
What is the value of 1 + (-6 - -1) + 9?
5
-11 - ((-7 - -7) + 0)
-11
-31 + 27 - (6 - (-3 + 4))
-9
Evaluate (-7 + -1 - -5) + 4.
1
Evaluate 11 + 10 + -19 + 4.
6
4 - (3 + 1 + (2 - 3))
1
What is the value of 4 - (-1 + 7 + -3) - -6?
7
Evaluate 46 + -46 + (-4 - (0 - -2)).
-6
Calculate -9 + -6 + 1 + (-6 - -11).
-9
Evaluate 4 - (-1 + (-2 - -4)).
3
What is (3 - 2) + 2 + (2 - 0)?
5
-7 - (0 + -5 -